{"id":3306,"date":"2020-05-29T10:43:25","date_gmt":"2020-05-29T17:43:25","guid":{"rendered":"https:\/\/floreriabriceida.com\/?post_type=product&#038;p=3306"},"modified":"2026-05-13T16:34:26","modified_gmt":"2026-05-13T23:34:26","slug":"corona-funebre-chica-ocre","status":"publish","type":"product","link":"https:\/\/floreriabriceida.com\/store\/producto\/corona-funebre-chica-ocre\/","title":{"rendered":"Corona f\u00fanebre chica ocre"},"content":{"rendered":"<p><span style=\"font-size: 14px;\">Corona f\u00fanebre chica de color ocre con:<\/span><\/p>\n<ul>\n<li><span style=\"font-size: 14px;\">-Polares<\/span><\/li>\n<li><span style=\"font-size: 14px;\">-Claveles<\/span><\/li>\n<li><span style=\"font-size: 14px;\">-Margaritas<\/span><\/li>\n<li><span style=\"font-size: 14px;\">-Montecasino\/Solidago<\/span><\/li>\n<li><span style=\"font-size: 14px;\">-Follaje<\/span><\/li>\n<\/ul>\n<p>&nbsp;<\/p>\n<p><span style=\"font-size: 14px;\">Di\u00e1metro aproximado: 80 cms.<\/span><\/p>\n","protected":false},"excerpt":{"rendered":"<p>Corona f\u00fanebre chica de color ocre<\/p>\n","protected":false},"featured_media":3307,"template":"","meta":{"site-sidebar-layout":"default","site-content-layout":"","ast-site-content-layout":"","site-content-style":"default","site-sidebar-style":"default","ast-global-header-display":"","ast-banner-title-visibility":"","ast-main-header-display":"","ast-hfb-above-header-display":"","ast-hfb-below-header-display":"","ast-hfb-mobile-header-display":"","site-post-title":"","ast-breadcrumbs-content":"","ast-featured-img":"","footer-sml-layout":"","theme-transparent-header-meta":"","adv-header-id-meta":"","stick-header-meta":"","header-above-stick-meta":"","header-main-stick-meta":"","header-below-stick-meta":"","astra-migrate-meta-layouts":"default","ast-page-background-enabled":"default","ast-page-background-meta":{"desktop":{"background-color":"var(--ast-global-color-4)","background-image":"","background-repeat":"repeat","background-position":"center center","background-size":"auto","background-attachment":"scroll","background-type":"","background-media":"","overlay-type":"","overlay-color":"","overlay-opacity":"","overlay-gradient":""},"tablet":{"background-color":"","background-image":"","background-repeat":"repeat","background-position":"center center","background-size":"auto","background-attachment":"scroll","background-type":"","background-media":"","overlay-type":"","overlay-color":"","overlay-opacity":"","overlay-gradient":""},"mobile":{"background-color":"","background-image":"","background-repeat":"repeat","background-position":"center center","background-size":"auto","background-attachment":"scroll","background-type":"","background-media":"","overlay-type":"","overlay-color":"","overlay-opacity":"","overlay-gradient":""}},"ast-content-background-meta":{"desktop":{"background-color":"var(--ast-global-color-5)","background-image":"","background-repeat":"repeat","background-position":"center center","background-size":"auto","background-attachment":"scroll","background-type":"","background-media":"","overlay-type":"","overlay-color":"","overlay-opacity":"","overlay-gradient":""},"tablet":{"background-color":"var(--ast-global-color-5)","background-image":"","background-repeat":"repeat","background-position":"center center","background-size":"auto","background-attachment":"scroll","background-type":"","background-media":"","overlay-type":"","overlay-color":"","overlay-opacity":"","overlay-gradient":""},"mobile":{"background-color":"var(--ast-global-color-5)","background-image":"","background-repeat":"repeat","background-position":"center center","background-size":"auto","background-attachment":"scroll","background-type":"","background-media":"","overlay-type":"","overlay-color":"","overlay-opacity":"","overlay-gradient":""}},"_members_access_role":[],"_members_access_error":""},"product_brand":[],"product_cat":[35],"product_tag":[],"class_list":{"0":"post-3306","1":"product","2":"type-product","3":"status-publish","4":"has-post-thumbnail","6":"product_cat-arreglos-funebres","7":"desktop-align-center","8":"tablet-align-center","9":"mobile-align-center","10":"ast-product-gallery-layout-horizontal-slider","11":"ast-product-gallery-with-no-image","12":"ast-product-tabs-layout-horizontal","14":"first","15":"instock","16":"shipping-taxable","17":"purchasable","18":"product-type-simple"},"yoast_head":"<!-- This site is optimized with the Yoast SEO plugin v25.0 - https:\/\/yoast.com\/wordpress\/plugins\/seo\/ -->\n<title>Corona f\u00fanebre chica ocre - Florer\u00eda Briceida - Cd. Obreg\u00f3n Sonora<\/title>\n<meta name=\"robots\" content=\"index, follow, max-snippet:-1, max-image-preview:large, max-video-preview:-1\" \/>\n<link rel=\"canonical\" href=\"https:\/\/floreriabriceida.com\/producto\/corona-funebre-chica-ocre\/\" \/>\n<meta property=\"og:locale\" content=\"es_MX\" \/>\n<meta property=\"og:type\" content=\"article\" \/>\n<meta property=\"og:title\" content=\"Corona f\u00fanebre chica ocre - Florer\u00eda Briceida - Cd. Obreg\u00f3n Sonora\" \/>\n<meta property=\"og:description\" content=\"Corona f\u00fanebre chica de color ocre\" \/>\n<meta property=\"og:url\" content=\"https:\/\/floreriabriceida.com\/producto\/corona-funebre-chica-ocre\/\" \/>\n<meta property=\"og:site_name\" content=\"Florer\u00eda Briceida - Cd. Obreg\u00f3n Sonora\" \/>\n<meta property=\"article:modified_time\" content=\"2026-05-13T23:34:26+00:00\" \/>\n<meta property=\"og:image\" content=\"https:\/\/floreriabriceida.com\/store\/wp-content\/uploads\/corona-chica-ocre.jpeg\" \/>\n\t<meta property=\"og:image:width\" content=\"581\" \/>\n\t<meta property=\"og:image:height\" content=\"1032\" \/>\n\t<meta property=\"og:image:type\" content=\"image\/jpeg\" \/>\n<meta name=\"twitter:card\" content=\"summary_large_image\" \/>\n<script type=\"application\/ld+json\" class=\"yoast-schema-graph\">{\"@context\":\"https:\/\/schema.org\",\"@graph\":[{\"@type\":\"WebPage\",\"@id\":\"https:\/\/floreriabriceida.com\/producto\/corona-funebre-chica-ocre\/\",\"url\":\"https:\/\/floreriabriceida.com\/producto\/corona-funebre-chica-ocre\/\",\"name\":\"Corona f\u00fanebre chica ocre - Florer\u00eda Briceida - Cd. Obreg\u00f3n Sonora\",\"isPartOf\":{\"@id\":\"https:\/\/floreriabriceida.com\/#website\"},\"primaryImageOfPage\":{\"@id\":\"https:\/\/floreriabriceida.com\/producto\/corona-funebre-chica-ocre\/#primaryimage\"},\"image\":{\"@id\":\"https:\/\/floreriabriceida.com\/producto\/corona-funebre-chica-ocre\/#primaryimage\"},\"thumbnailUrl\":\"https:\/\/floreriabriceida.com\/store\/wp-content\/uploads\/corona-chica-ocre.jpeg\",\"datePublished\":\"2020-05-29T17:43:25+00:00\",\"dateModified\":\"2026-05-13T23:34:26+00:00\",\"breadcrumb\":{\"@id\":\"https:\/\/floreriabriceida.com\/producto\/corona-funebre-chica-ocre\/#breadcrumb\"},\"inLanguage\":\"es\",\"potentialAction\":[{\"@type\":\"ReadAction\",\"target\":[\"https:\/\/floreriabriceida.com\/producto\/corona-funebre-chica-ocre\/\"]}]},{\"@type\":\"ImageObject\",\"inLanguage\":\"es\",\"@id\":\"https:\/\/floreriabriceida.com\/producto\/corona-funebre-chica-ocre\/#primaryimage\",\"url\":\"https:\/\/floreriabriceida.com\/store\/wp-content\/uploads\/corona-chica-ocre.jpeg\",\"contentUrl\":\"https:\/\/floreriabriceida.com\/store\/wp-content\/uploads\/corona-chica-ocre.jpeg\",\"width\":581,\"height\":1032},{\"@type\":\"BreadcrumbList\",\"@id\":\"https:\/\/floreriabriceida.com\/producto\/corona-funebre-chica-ocre\/#breadcrumb\",\"itemListElement\":[{\"@type\":\"ListItem\",\"position\":1,\"name\":\"Portada\",\"item\":\"https:\/\/floreriabriceida.com\/\"},{\"@type\":\"ListItem\",\"position\":2,\"name\":\"Florer\u00eda en Obreg\u00f3n Sonora\",\"item\":\"https:\/\/floreriabriceida.com\/\"},{\"@type\":\"ListItem\",\"position\":3,\"name\":\"Corona f\u00fanebre chica ocre\"}]},{\"@type\":\"WebSite\",\"@id\":\"https:\/\/floreriabriceida.com\/#website\",\"url\":\"https:\/\/floreriabriceida.com\/\",\"name\":\"Florer\u00eda Briceida - Cd. Obreg\u00f3n Sonora\",\"description\":\"Floreria Briceida\",\"publisher\":{\"@id\":\"https:\/\/floreriabriceida.com\/#organization\"},\"potentialAction\":[{\"@type\":\"SearchAction\",\"target\":{\"@type\":\"EntryPoint\",\"urlTemplate\":\"https:\/\/floreriabriceida.com\/?s={search_term_string}\"},\"query-input\":{\"@type\":\"PropertyValueSpecification\",\"valueRequired\":true,\"valueName\":\"search_term_string\"}}],\"inLanguage\":\"es\"},{\"@type\":\"Organization\",\"@id\":\"https:\/\/floreriabriceida.com\/#organization\",\"name\":\"Florer\u00eda Briceida - Cd. Obreg\u00f3n Sonora\",\"url\":\"https:\/\/floreriabriceida.com\/\",\"logo\":{\"@type\":\"ImageObject\",\"inLanguage\":\"es\",\"@id\":\"https:\/\/floreriabriceida.com\/#\/schema\/logo\/image\/\",\"url\":\"https:\/\/floreriabriceida.com\/store\/wp-content\/uploads\/cropped-LOGOFB-2025.png\",\"contentUrl\":\"https:\/\/floreriabriceida.com\/store\/wp-content\/uploads\/cropped-LOGOFB-2025.png\",\"width\":3046,\"height\":920,\"caption\":\"Florer\u00eda Briceida - Cd. Obreg\u00f3n Sonora\"},\"image\":{\"@id\":\"https:\/\/floreriabriceida.com\/#\/schema\/logo\/image\/\"}}]}<\/script>\n<!-- \/ Yoast SEO plugin. -->","yoast_head_json":{"title":"Corona f\u00fanebre chica ocre - Florer\u00eda Briceida - Cd. Obreg\u00f3n Sonora","robots":{"index":"index","follow":"follow","max-snippet":"max-snippet:-1","max-image-preview":"max-image-preview:large","max-video-preview":"max-video-preview:-1"},"canonical":"https:\/\/floreriabriceida.com\/producto\/corona-funebre-chica-ocre\/","og_locale":"es_MX","og_type":"article","og_title":"Corona f\u00fanebre chica ocre - Florer\u00eda Briceida - Cd. Obreg\u00f3n Sonora","og_description":"Corona f\u00fanebre chica de color ocre","og_url":"https:\/\/floreriabriceida.com\/producto\/corona-funebre-chica-ocre\/","og_site_name":"Florer\u00eda Briceida - Cd. Obreg\u00f3n Sonora","article_modified_time":"2026-05-13T23:34:26+00:00","og_image":[{"width":581,"height":1032,"url":"https:\/\/floreriabriceida.com\/store\/wp-content\/uploads\/corona-chica-ocre.jpeg","type":"image\/jpeg"}],"twitter_card":"summary_large_image","schema":{"@context":"https:\/\/schema.org","@graph":[{"@type":"WebPage","@id":"https:\/\/floreriabriceida.com\/producto\/corona-funebre-chica-ocre\/","url":"https:\/\/floreriabriceida.com\/producto\/corona-funebre-chica-ocre\/","name":"Corona f\u00fanebre chica ocre - Florer\u00eda Briceida - Cd. Obreg\u00f3n Sonora","isPartOf":{"@id":"https:\/\/floreriabriceida.com\/#website"},"primaryImageOfPage":{"@id":"https:\/\/floreriabriceida.com\/producto\/corona-funebre-chica-ocre\/#primaryimage"},"image":{"@id":"https:\/\/floreriabriceida.com\/producto\/corona-funebre-chica-ocre\/#primaryimage"},"thumbnailUrl":"https:\/\/floreriabriceida.com\/store\/wp-content\/uploads\/corona-chica-ocre.jpeg","datePublished":"2020-05-29T17:43:25+00:00","dateModified":"2026-05-13T23:34:26+00:00","breadcrumb":{"@id":"https:\/\/floreriabriceida.com\/producto\/corona-funebre-chica-ocre\/#breadcrumb"},"inLanguage":"es","potentialAction":[{"@type":"ReadAction","target":["https:\/\/floreriabriceida.com\/producto\/corona-funebre-chica-ocre\/"]}]},{"@type":"ImageObject","inLanguage":"es","@id":"https:\/\/floreriabriceida.com\/producto\/corona-funebre-chica-ocre\/#primaryimage","url":"https:\/\/floreriabriceida.com\/store\/wp-content\/uploads\/corona-chica-ocre.jpeg","contentUrl":"https:\/\/floreriabriceida.com\/store\/wp-content\/uploads\/corona-chica-ocre.jpeg","width":581,"height":1032},{"@type":"BreadcrumbList","@id":"https:\/\/floreriabriceida.com\/producto\/corona-funebre-chica-ocre\/#breadcrumb","itemListElement":[{"@type":"ListItem","position":1,"name":"Portada","item":"https:\/\/floreriabriceida.com\/"},{"@type":"ListItem","position":2,"name":"Florer\u00eda en Obreg\u00f3n Sonora","item":"https:\/\/floreriabriceida.com\/"},{"@type":"ListItem","position":3,"name":"Corona f\u00fanebre chica ocre"}]},{"@type":"WebSite","@id":"https:\/\/floreriabriceida.com\/#website","url":"https:\/\/floreriabriceida.com\/","name":"Florer\u00eda Briceida - Cd. Obreg\u00f3n Sonora","description":"Floreria Briceida","publisher":{"@id":"https:\/\/floreriabriceida.com\/#organization"},"potentialAction":[{"@type":"SearchAction","target":{"@type":"EntryPoint","urlTemplate":"https:\/\/floreriabriceida.com\/?s={search_term_string}"},"query-input":{"@type":"PropertyValueSpecification","valueRequired":true,"valueName":"search_term_string"}}],"inLanguage":"es"},{"@type":"Organization","@id":"https:\/\/floreriabriceida.com\/#organization","name":"Florer\u00eda Briceida - Cd. Obreg\u00f3n Sonora","url":"https:\/\/floreriabriceida.com\/","logo":{"@type":"ImageObject","inLanguage":"es","@id":"https:\/\/floreriabriceida.com\/#\/schema\/logo\/image\/","url":"https:\/\/floreriabriceida.com\/store\/wp-content\/uploads\/cropped-LOGOFB-2025.png","contentUrl":"https:\/\/floreriabriceida.com\/store\/wp-content\/uploads\/cropped-LOGOFB-2025.png","width":3046,"height":920,"caption":"Florer\u00eda Briceida - Cd. Obreg\u00f3n Sonora"},"image":{"@id":"https:\/\/floreriabriceida.com\/#\/schema\/logo\/image\/"}}]}},"_links":{"self":[{"href":"https:\/\/floreriabriceida.com\/store\/wp-json\/wp\/v2\/product\/3306"}],"collection":[{"href":"https:\/\/floreriabriceida.com\/store\/wp-json\/wp\/v2\/product"}],"about":[{"href":"https:\/\/floreriabriceida.com\/store\/wp-json\/wp\/v2\/types\/product"}],"wp:featuredmedia":[{"embeddable":true,"href":"https:\/\/floreriabriceida.com\/store\/wp-json\/wp\/v2\/media\/3307"}],"wp:attachment":[{"href":"https:\/\/floreriabriceida.com\/store\/wp-json\/wp\/v2\/media?parent=3306"}],"wp:term":[{"taxonomy":"product_brand","embeddable":true,"href":"https:\/\/floreriabriceida.com\/store\/wp-json\/wp\/v2\/product_brand?post=3306"},{"taxonomy":"product_cat","embeddable":true,"href":"https:\/\/floreriabriceida.com\/store\/wp-json\/wp\/v2\/product_cat?post=3306"},{"taxonomy":"product_tag","embeddable":true,"href":"https:\/\/floreriabriceida.com\/store\/wp-json\/wp\/v2\/product_tag?post=3306"}],"curies":[{"name":"wp","href":"https:\/\/api.w.org\/{rel}","templated":true}]}}

Corona fúnebre chica ocre

<p><span style="font-size: 14px;">Corona fúnebre chica de color ocre con:</span></p>
<ul>
<li><span style="font-size: 14px;">-Polares</span></li>
<li><span style="font-size: 14px;">-Claveles</span></li>
<li><span style="font-size: 14px;">-Margaritas</span></li>
<li><span style="font-size: 14px;">-Montecasino/Solidago</span></li>
<li><span style="font-size: 14px;">-Follaje</span></li>
</ul>
<p>&nbsp;</p>
<p><span style="font-size: 14px;">Diámetro aproximado: 80 cms.</span></p>

<p>Corona fúnebre chica de color ocre</p>

<!-- This site is optimized with the Yoast SEO plugin v25.0 - https://yoast.com/wordpress/plugins/seo/ -->
<title>Corona fúnebre chica ocre - Florería Briceida - Cd. Obregón Sonora</title>
<meta name="robots" content="index, follow, max-snippet:-1, max-image-preview:large, max-video-preview:-1" />
<link rel="canonical" href="https://floreriabriceida.com/producto/corona-funebre-chica-ocre/" />
<meta property="og:locale" content="es_MX" />
<meta property="og:type" content="article" />
<meta property="og:title" content="Corona fúnebre chica ocre - Florería Briceida - Cd. Obregón Sonora" />
<meta property="og:description" content="Corona fúnebre chica de color ocre" />
<meta property="og:url" content="https://floreriabriceida.com/producto/corona-funebre-chica-ocre/" />
<meta property="og:site_name" content="Florería Briceida - Cd. Obregón Sonora" />
<meta property="article:modified_time" content="2026-05-13T23:34:26+00:00" />
<meta property="og:image" content="https://floreriabriceida.com/store/wp-content/uploads/corona-chica-ocre.jpeg" />
	<meta property="og:image:width" content="581" />
	<meta property="og:image:height" content="1032" />
	<meta property="og:image:type" content="image/jpeg" />
<meta name="twitter:card" content="summary_large_image" />
<script type="application/ld+json" class="yoast-schema-graph">{"@context":"https://schema.org","@graph":[{"@type":"WebPage","@id":"https://floreriabriceida.com/producto/corona-funebre-chica-ocre/","url":"https://floreriabriceida.com/producto/corona-funebre-chica-ocre/","name":"Corona fúnebre chica ocre - Florería Briceida - Cd. Obregón Sonora","isPartOf":{"@id":"https://floreriabriceida.com/#website"},"primaryImageOfPage":{"@id":"https://floreriabriceida.com/producto/corona-funebre-chica-ocre/#primaryimage"},"image":{"@id":"https://floreriabriceida.com/producto/corona-funebre-chica-ocre/#primaryimage"},"thumbnailUrl":"https://floreriabriceida.com/store/wp-content/uploads/corona-chica-ocre.jpeg","datePublished":"2020-05-29T17:43:25+00:00","dateModified":"2026-05-13T23:34:26+00:00","breadcrumb":{"@id":"https://floreriabriceida.com/producto/corona-funebre-chica-ocre/#breadcrumb"},"inLanguage":"es","potentialAction":[{"@type":"ReadAction","target":["https://floreriabriceida.com/producto/corona-funebre-chica-ocre/"]}]},{"@type":"ImageObject","inLanguage":"es","@id":"https://floreriabriceida.com/producto/corona-funebre-chica-ocre/#primaryimage","url":"https://floreriabriceida.com/store/wp-content/uploads/corona-chica-ocre.jpeg","contentUrl":"https://floreriabriceida.com/store/wp-content/uploads/corona-chica-ocre.jpeg","width":581,"height":1032},{"@type":"BreadcrumbList","@id":"https://floreriabriceida.com/producto/corona-funebre-chica-ocre/#breadcrumb","itemListElement":[{"@type":"ListItem","position":1,"name":"Portada","item":"https://floreriabriceida.com/"},{"@type":"ListItem","position":2,"name":"Florería en Obregón Sonora","item":"https://floreriabriceida.com/"},{"@type":"ListItem","position":3,"name":"Corona fúnebre chica ocre"}]},{"@type":"WebSite","@id":"https://floreriabriceida.com/#website","url":"https://floreriabriceida.com/","name":"Florería Briceida - Cd. Obregón Sonora","description":"Floreria Briceida","publisher":{"@id":"https://floreriabriceida.com/#organization"},"potentialAction":[{"@type":"SearchAction","target":{"@type":"EntryPoint","urlTemplate":"https://floreriabriceida.com/?s={search_term_string}"},"query-input":{"@type":"PropertyValueSpecification","valueRequired":true,"valueName":"search_term_string"}}],"inLanguage":"es"},{"@type":"Organization","@id":"https://floreriabriceida.com/#organization","name":"Florería Briceida - Cd. Obregón Sonora","url":"https://floreriabriceida.com/","logo":{"@type":"ImageObject","inLanguage":"es","@id":"https://floreriabriceida.com/#/schema/logo/image/","url":"https://floreriabriceida.com/store/wp-content/uploads/cropped-LOGOFB-2025.png","contentUrl":"https://floreriabriceida.com/store/wp-content/uploads/cropped-LOGOFB-2025.png","width":3046,"height":920,"caption":"Florería Briceida - Cd. Obregón Sonora"},"image":{"@id":"https://floreriabriceida.com/#/schema/logo/image/"}}]}</script>
<!-- / Yoast SEO plugin. -->

Corona fúnebre chica ocre - Florería Briceida - Cd. Obregón Sonora

Corona fúnebre chica de color ocre

Florería Briceida - Cd. Obregón Sonora

Florería en Obregón Sonora
