{"id":8487,"date":"2024-03-04T15:38:35","date_gmt":"2024-03-04T22:38:35","guid":{"rendered":"https:\/\/floreriabriceida.com\/?post_type=product&#038;p=8487"},"modified":"2026-03-21T16:40:13","modified_gmt":"2026-03-21T23:40:13","slug":"corazon-amarillo","status":"publish","type":"product","link":"https:\/\/floreriabriceida.com\/store\/producto\/corazon-amarillo\/","title":{"rendered":"Coraz\u00f3n amarillo"},"content":{"rendered":"<p>Caja en forma de coraz\u00f3n, aproximadamente entre 28 y 36 rosas amarillas dependiendo del tama\u00f1o del bot\u00f3n. Mide 28cm * 27 cm<\/p>\n","protected":false},"excerpt":{"rendered":"<p>Caja en forma de Coraz\u00f3n con Rosas amarillas, mide aprox. 28cm *27 cm.<\/p>\n","protected":false},"featured_media":8488,"template":"","meta":{"site-sidebar-layout":"default","site-content-layout":"default","ast-site-content-layout":"default","site-content-style":"default","site-sidebar-style":"default","ast-global-header-display":"","ast-banner-title-visibility":"","ast-main-header-display":"","ast-hfb-above-header-display":"","ast-hfb-below-header-display":"","ast-hfb-mobile-header-display":"","site-post-title":"","ast-breadcrumbs-content":"","ast-featured-img":"","footer-sml-layout":"","theme-transparent-header-meta":"default","adv-header-id-meta":"","stick-header-meta":"","header-above-stick-meta":"","header-main-stick-meta":"","header-below-stick-meta":"","astra-migrate-meta-layouts":"set","ast-page-background-enabled":"default","ast-page-background-meta":{"desktop":{"background-color":"var(--ast-global-color-4)","background-image":"","background-repeat":"repeat","background-position":"center center","background-size":"auto","background-attachment":"scroll","background-type":"","background-media":"","overlay-type":"","overlay-color":"","overlay-opacity":"","overlay-gradient":""},"tablet":{"background-color":"","background-image":"","background-repeat":"repeat","background-position":"center center","background-size":"auto","background-attachment":"scroll","background-type":"","background-media":"","overlay-type":"","overlay-color":"","overlay-opacity":"","overlay-gradient":""},"mobile":{"background-color":"","background-image":"","background-repeat":"repeat","background-position":"center center","background-size":"auto","background-attachment":"scroll","background-type":"","background-media":"","overlay-type":"","overlay-color":"","overlay-opacity":"","overlay-gradient":""}},"ast-content-background-meta":{"desktop":{"background-color":"var(--ast-global-color-5)","background-image":"","background-repeat":"repeat","background-position":"center center","background-size":"auto","background-attachment":"scroll","background-type":"","background-media":"","overlay-type":"","overlay-color":"","overlay-opacity":"","overlay-gradient":""},"tablet":{"background-color":"var(--ast-global-color-5)","background-image":"","background-repeat":"repeat","background-position":"center center","background-size":"auto","background-attachment":"scroll","background-type":"","background-media":"","overlay-type":"","overlay-color":"","overlay-opacity":"","overlay-gradient":""},"mobile":{"background-color":"var(--ast-global-color-5)","background-image":"","background-repeat":"repeat","background-position":"center center","background-size":"auto","background-attachment":"scroll","background-type":"","background-media":"","overlay-type":"","overlay-color":"","overlay-opacity":"","overlay-gradient":""}},"_members_access_role":[],"_members_access_error":""},"product_brand":[],"product_cat":[66],"product_tag":[],"class_list":{"0":"post-8487","1":"product","2":"type-product","3":"status-publish","4":"has-post-thumbnail","6":"product_cat-dia-de-las-flores-amarillas","7":"product_shipping_class-especiales","8":"desktop-align-center","9":"tablet-align-center","10":"mobile-align-center","11":"ast-product-gallery-layout-horizontal-slider","12":"ast-product-gallery-with-no-image","13":"ast-product-tabs-layout-horizontal","15":"first","16":"outofstock","17":"shipping-taxable","18":"purchasable","19":"product-type-simple"},"yoast_head":"<!-- This site is optimized with the Yoast SEO plugin v25.0 - https:\/\/yoast.com\/wordpress\/plugins\/seo\/ -->\n<title>Coraz\u00f3n amarillo - Florer\u00eda Briceida - Cd. Obreg\u00f3n Sonora<\/title>\n<meta name=\"robots\" content=\"index, follow, max-snippet:-1, max-image-preview:large, max-video-preview:-1\" \/>\n<link rel=\"canonical\" href=\"https:\/\/floreriabriceida.com\/producto\/corazon-amarillo\/\" \/>\n<meta property=\"og:locale\" content=\"es_MX\" \/>\n<meta property=\"og:type\" content=\"article\" \/>\n<meta property=\"og:title\" content=\"Coraz\u00f3n amarillo - Florer\u00eda Briceida - Cd. Obreg\u00f3n Sonora\" \/>\n<meta property=\"og:description\" content=\"Caja en forma de Coraz\u00f3n con Rosas amarillas, mide aprox. 28cm *27 cm.\" \/>\n<meta property=\"og:url\" content=\"https:\/\/floreriabriceida.com\/producto\/corazon-amarillo\/\" \/>\n<meta property=\"og:site_name\" content=\"Florer\u00eda Briceida - Cd. Obreg\u00f3n Sonora\" \/>\n<meta property=\"article:modified_time\" content=\"2026-03-21T23:40:13+00:00\" \/>\n<meta property=\"og:image\" content=\"https:\/\/floreriabriceida.com\/store\/wp-content\/uploads\/corazon_amarillo.jpeg\" \/>\n\t<meta property=\"og:image:width\" content=\"736\" \/>\n\t<meta property=\"og:image:height\" content=\"919\" \/>\n\t<meta property=\"og:image:type\" content=\"image\/jpeg\" \/>\n<meta name=\"twitter:card\" content=\"summary_large_image\" \/>\n<meta name=\"twitter:label1\" content=\"Tiempo de lectura\" \/>\n\t<meta name=\"twitter:data1\" content=\"1 minuto\" \/>\n<script type=\"application\/ld+json\" class=\"yoast-schema-graph\">{\"@context\":\"https:\/\/schema.org\",\"@graph\":[{\"@type\":\"WebPage\",\"@id\":\"https:\/\/floreriabriceida.com\/producto\/corazon-amarillo\/\",\"url\":\"https:\/\/floreriabriceida.com\/producto\/corazon-amarillo\/\",\"name\":\"Coraz\u00f3n amarillo - Florer\u00eda Briceida - Cd. Obreg\u00f3n Sonora\",\"isPartOf\":{\"@id\":\"https:\/\/floreriabriceida.com\/#website\"},\"primaryImageOfPage\":{\"@id\":\"https:\/\/floreriabriceida.com\/producto\/corazon-amarillo\/#primaryimage\"},\"image\":{\"@id\":\"https:\/\/floreriabriceida.com\/producto\/corazon-amarillo\/#primaryimage\"},\"thumbnailUrl\":\"https:\/\/floreriabriceida.com\/store\/wp-content\/uploads\/corazon_amarillo.jpeg\",\"datePublished\":\"2024-03-04T22:38:35+00:00\",\"dateModified\":\"2026-03-21T23:40:13+00:00\",\"breadcrumb\":{\"@id\":\"https:\/\/floreriabriceida.com\/producto\/corazon-amarillo\/#breadcrumb\"},\"inLanguage\":\"es\",\"potentialAction\":[{\"@type\":\"ReadAction\",\"target\":[\"https:\/\/floreriabriceida.com\/producto\/corazon-amarillo\/\"]}]},{\"@type\":\"ImageObject\",\"inLanguage\":\"es\",\"@id\":\"https:\/\/floreriabriceida.com\/producto\/corazon-amarillo\/#primaryimage\",\"url\":\"https:\/\/floreriabriceida.com\/store\/wp-content\/uploads\/corazon_amarillo.jpeg\",\"contentUrl\":\"https:\/\/floreriabriceida.com\/store\/wp-content\/uploads\/corazon_amarillo.jpeg\",\"width\":736,\"height\":919},{\"@type\":\"BreadcrumbList\",\"@id\":\"https:\/\/floreriabriceida.com\/producto\/corazon-amarillo\/#breadcrumb\",\"itemListElement\":[{\"@type\":\"ListItem\",\"position\":1,\"name\":\"Portada\",\"item\":\"https:\/\/floreriabriceida.com\/\"},{\"@type\":\"ListItem\",\"position\":2,\"name\":\"Florer\u00eda en Obreg\u00f3n Sonora\",\"item\":\"https:\/\/floreriabriceida.com\/\"},{\"@type\":\"ListItem\",\"position\":3,\"name\":\"Coraz\u00f3n amarillo\"}]},{\"@type\":\"WebSite\",\"@id\":\"https:\/\/floreriabriceida.com\/#website\",\"url\":\"https:\/\/floreriabriceida.com\/\",\"name\":\"Florer\u00eda Briceida - Cd. Obreg\u00f3n Sonora\",\"description\":\"Floreria Briceida\",\"publisher\":{\"@id\":\"https:\/\/floreriabriceida.com\/#organization\"},\"potentialAction\":[{\"@type\":\"SearchAction\",\"target\":{\"@type\":\"EntryPoint\",\"urlTemplate\":\"https:\/\/floreriabriceida.com\/?s={search_term_string}\"},\"query-input\":{\"@type\":\"PropertyValueSpecification\",\"valueRequired\":true,\"valueName\":\"search_term_string\"}}],\"inLanguage\":\"es\"},{\"@type\":\"Organization\",\"@id\":\"https:\/\/floreriabriceida.com\/#organization\",\"name\":\"Florer\u00eda Briceida - Cd. Obreg\u00f3n Sonora\",\"url\":\"https:\/\/floreriabriceida.com\/\",\"logo\":{\"@type\":\"ImageObject\",\"inLanguage\":\"es\",\"@id\":\"https:\/\/floreriabriceida.com\/#\/schema\/logo\/image\/\",\"url\":\"https:\/\/floreriabriceida.com\/store\/wp-content\/uploads\/cropped-LOGOFB-2025.png\",\"contentUrl\":\"https:\/\/floreriabriceida.com\/store\/wp-content\/uploads\/cropped-LOGOFB-2025.png\",\"width\":3046,\"height\":920,\"caption\":\"Florer\u00eda Briceida - Cd. Obreg\u00f3n Sonora\"},\"image\":{\"@id\":\"https:\/\/floreriabriceida.com\/#\/schema\/logo\/image\/\"}}]}<\/script>\n<!-- \/ Yoast SEO plugin. -->","yoast_head_json":{"title":"Coraz\u00f3n amarillo - Florer\u00eda Briceida - Cd. Obreg\u00f3n Sonora","robots":{"index":"index","follow":"follow","max-snippet":"max-snippet:-1","max-image-preview":"max-image-preview:large","max-video-preview":"max-video-preview:-1"},"canonical":"https:\/\/floreriabriceida.com\/producto\/corazon-amarillo\/","og_locale":"es_MX","og_type":"article","og_title":"Coraz\u00f3n amarillo - Florer\u00eda Briceida - Cd. Obreg\u00f3n Sonora","og_description":"Caja en forma de Coraz\u00f3n con Rosas amarillas, mide aprox. 28cm *27 cm.","og_url":"https:\/\/floreriabriceida.com\/producto\/corazon-amarillo\/","og_site_name":"Florer\u00eda Briceida - Cd. Obreg\u00f3n Sonora","article_modified_time":"2026-03-21T23:40:13+00:00","og_image":[{"width":736,"height":919,"url":"https:\/\/floreriabriceida.com\/store\/wp-content\/uploads\/corazon_amarillo.jpeg","type":"image\/jpeg"}],"twitter_card":"summary_large_image","twitter_misc":{"Tiempo de lectura":"1 minuto"},"schema":{"@context":"https:\/\/schema.org","@graph":[{"@type":"WebPage","@id":"https:\/\/floreriabriceida.com\/producto\/corazon-amarillo\/","url":"https:\/\/floreriabriceida.com\/producto\/corazon-amarillo\/","name":"Coraz\u00f3n amarillo - Florer\u00eda Briceida - Cd. Obreg\u00f3n Sonora","isPartOf":{"@id":"https:\/\/floreriabriceida.com\/#website"},"primaryImageOfPage":{"@id":"https:\/\/floreriabriceida.com\/producto\/corazon-amarillo\/#primaryimage"},"image":{"@id":"https:\/\/floreriabriceida.com\/producto\/corazon-amarillo\/#primaryimage"},"thumbnailUrl":"https:\/\/floreriabriceida.com\/store\/wp-content\/uploads\/corazon_amarillo.jpeg","datePublished":"2024-03-04T22:38:35+00:00","dateModified":"2026-03-21T23:40:13+00:00","breadcrumb":{"@id":"https:\/\/floreriabriceida.com\/producto\/corazon-amarillo\/#breadcrumb"},"inLanguage":"es","potentialAction":[{"@type":"ReadAction","target":["https:\/\/floreriabriceida.com\/producto\/corazon-amarillo\/"]}]},{"@type":"ImageObject","inLanguage":"es","@id":"https:\/\/floreriabriceida.com\/producto\/corazon-amarillo\/#primaryimage","url":"https:\/\/floreriabriceida.com\/store\/wp-content\/uploads\/corazon_amarillo.jpeg","contentUrl":"https:\/\/floreriabriceida.com\/store\/wp-content\/uploads\/corazon_amarillo.jpeg","width":736,"height":919},{"@type":"BreadcrumbList","@id":"https:\/\/floreriabriceida.com\/producto\/corazon-amarillo\/#breadcrumb","itemListElement":[{"@type":"ListItem","position":1,"name":"Portada","item":"https:\/\/floreriabriceida.com\/"},{"@type":"ListItem","position":2,"name":"Florer\u00eda en Obreg\u00f3n Sonora","item":"https:\/\/floreriabriceida.com\/"},{"@type":"ListItem","position":3,"name":"Coraz\u00f3n amarillo"}]},{"@type":"WebSite","@id":"https:\/\/floreriabriceida.com\/#website","url":"https:\/\/floreriabriceida.com\/","name":"Florer\u00eda Briceida - Cd. Obreg\u00f3n Sonora","description":"Floreria Briceida","publisher":{"@id":"https:\/\/floreriabriceida.com\/#organization"},"potentialAction":[{"@type":"SearchAction","target":{"@type":"EntryPoint","urlTemplate":"https:\/\/floreriabriceida.com\/?s={search_term_string}"},"query-input":{"@type":"PropertyValueSpecification","valueRequired":true,"valueName":"search_term_string"}}],"inLanguage":"es"},{"@type":"Organization","@id":"https:\/\/floreriabriceida.com\/#organization","name":"Florer\u00eda Briceida - Cd. Obreg\u00f3n Sonora","url":"https:\/\/floreriabriceida.com\/","logo":{"@type":"ImageObject","inLanguage":"es","@id":"https:\/\/floreriabriceida.com\/#\/schema\/logo\/image\/","url":"https:\/\/floreriabriceida.com\/store\/wp-content\/uploads\/cropped-LOGOFB-2025.png","contentUrl":"https:\/\/floreriabriceida.com\/store\/wp-content\/uploads\/cropped-LOGOFB-2025.png","width":3046,"height":920,"caption":"Florer\u00eda Briceida - Cd. Obreg\u00f3n Sonora"},"image":{"@id":"https:\/\/floreriabriceida.com\/#\/schema\/logo\/image\/"}}]}},"_links":{"self":[{"href":"https:\/\/floreriabriceida.com\/store\/wp-json\/wp\/v2\/product\/8487"}],"collection":[{"href":"https:\/\/floreriabriceida.com\/store\/wp-json\/wp\/v2\/product"}],"about":[{"href":"https:\/\/floreriabriceida.com\/store\/wp-json\/wp\/v2\/types\/product"}],"wp:featuredmedia":[{"embeddable":true,"href":"https:\/\/floreriabriceida.com\/store\/wp-json\/wp\/v2\/media\/8488"}],"wp:attachment":[{"href":"https:\/\/floreriabriceida.com\/store\/wp-json\/wp\/v2\/media?parent=8487"}],"wp:term":[{"taxonomy":"product_brand","embeddable":true,"href":"https:\/\/floreriabriceida.com\/store\/wp-json\/wp\/v2\/product_brand?post=8487"},{"taxonomy":"product_cat","embeddable":true,"href":"https:\/\/floreriabriceida.com\/store\/wp-json\/wp\/v2\/product_cat?post=8487"},{"taxonomy":"product_tag","embeddable":true,"href":"https:\/\/floreriabriceida.com\/store\/wp-json\/wp\/v2\/product_tag?post=8487"}],"curies":[{"name":"wp","href":"https:\/\/api.w.org\/{rel}","templated":true}]}}

Corazón amarillo

<p>Caja en forma de corazón, aproximadamente entre 28 y 36 rosas amarillas dependiendo del tamaño del botón. Mide 28cm * 27 cm</p>

<p>Caja en forma de Corazón con Rosas amarillas, mide aprox. 28cm *27 cm.</p>

<!-- This site is optimized with the Yoast SEO plugin v25.0 - https://yoast.com/wordpress/plugins/seo/ -->
<title>Corazón amarillo - Florería Briceida - Cd. Obregón Sonora</title>
<meta name="robots" content="index, follow, max-snippet:-1, max-image-preview:large, max-video-preview:-1" />
<link rel="canonical" href="https://floreriabriceida.com/producto/corazon-amarillo/" />
<meta property="og:locale" content="es_MX" />
<meta property="og:type" content="article" />
<meta property="og:title" content="Corazón amarillo - Florería Briceida - Cd. Obregón Sonora" />
<meta property="og:description" content="Caja en forma de Corazón con Rosas amarillas, mide aprox. 28cm *27 cm." />
<meta property="og:url" content="https://floreriabriceida.com/producto/corazon-amarillo/" />
<meta property="og:site_name" content="Florería Briceida - Cd. Obregón Sonora" />
<meta property="article:modified_time" content="2026-03-21T23:40:13+00:00" />
<meta property="og:image" content="https://floreriabriceida.com/store/wp-content/uploads/corazon_amarillo.jpeg" />
	<meta property="og:image:width" content="736" />
	<meta property="og:image:height" content="919" />
	<meta property="og:image:type" content="image/jpeg" />
<meta name="twitter:card" content="summary_large_image" />
<meta name="twitter:label1" content="Tiempo de lectura" />
	<meta name="twitter:data1" content="1 minuto" />
<script type="application/ld+json" class="yoast-schema-graph">{"@context":"https://schema.org","@graph":[{"@type":"WebPage","@id":"https://floreriabriceida.com/producto/corazon-amarillo/","url":"https://floreriabriceida.com/producto/corazon-amarillo/","name":"Corazón amarillo - Florería Briceida - Cd. Obregón Sonora","isPartOf":{"@id":"https://floreriabriceida.com/#website"},"primaryImageOfPage":{"@id":"https://floreriabriceida.com/producto/corazon-amarillo/#primaryimage"},"image":{"@id":"https://floreriabriceida.com/producto/corazon-amarillo/#primaryimage"},"thumbnailUrl":"https://floreriabriceida.com/store/wp-content/uploads/corazon_amarillo.jpeg","datePublished":"2024-03-04T22:38:35+00:00","dateModified":"2026-03-21T23:40:13+00:00","breadcrumb":{"@id":"https://floreriabriceida.com/producto/corazon-amarillo/#breadcrumb"},"inLanguage":"es","potentialAction":[{"@type":"ReadAction","target":["https://floreriabriceida.com/producto/corazon-amarillo/"]}]},{"@type":"ImageObject","inLanguage":"es","@id":"https://floreriabriceida.com/producto/corazon-amarillo/#primaryimage","url":"https://floreriabriceida.com/store/wp-content/uploads/corazon_amarillo.jpeg","contentUrl":"https://floreriabriceida.com/store/wp-content/uploads/corazon_amarillo.jpeg","width":736,"height":919},{"@type":"BreadcrumbList","@id":"https://floreriabriceida.com/producto/corazon-amarillo/#breadcrumb","itemListElement":[{"@type":"ListItem","position":1,"name":"Portada","item":"https://floreriabriceida.com/"},{"@type":"ListItem","position":2,"name":"Florería en Obregón Sonora","item":"https://floreriabriceida.com/"},{"@type":"ListItem","position":3,"name":"Corazón amarillo"}]},{"@type":"WebSite","@id":"https://floreriabriceida.com/#website","url":"https://floreriabriceida.com/","name":"Florería Briceida - Cd. Obregón Sonora","description":"Floreria Briceida","publisher":{"@id":"https://floreriabriceida.com/#organization"},"potentialAction":[{"@type":"SearchAction","target":{"@type":"EntryPoint","urlTemplate":"https://floreriabriceida.com/?s={search_term_string}"},"query-input":{"@type":"PropertyValueSpecification","valueRequired":true,"valueName":"search_term_string"}}],"inLanguage":"es"},{"@type":"Organization","@id":"https://floreriabriceida.com/#organization","name":"Florería Briceida - Cd. Obregón Sonora","url":"https://floreriabriceida.com/","logo":{"@type":"ImageObject","inLanguage":"es","@id":"https://floreriabriceida.com/#/schema/logo/image/","url":"https://floreriabriceida.com/store/wp-content/uploads/cropped-LOGOFB-2025.png","contentUrl":"https://floreriabriceida.com/store/wp-content/uploads/cropped-LOGOFB-2025.png","width":3046,"height":920,"caption":"Florería Briceida - Cd. Obregón Sonora"},"image":{"@id":"https://floreriabriceida.com/#/schema/logo/image/"}}]}</script>
<!-- / Yoast SEO plugin. -->

Corazón amarillo - Florería Briceida - Cd. Obregón Sonora

Caja en forma de Corazón con Rosas amarillas, mide aprox. 28cm *27 cm.

Florería Briceida - Cd. Obregón Sonora

Florería en Obregón Sonora
